{"id":1,"date":"2019-09-05T08:43:56","date_gmt":"2019-09-05T08:43:56","guid":{"rendered":"https:\/\/aguabiosfera.com\/?p=1"},"modified":"2026-02-11T21:53:39","modified_gmt":"2026-02-11T21:53:39","slug":"home","status":"publish","type":"page","link":"https:\/\/aguabiosfera.com\/","title":{"rendered":"Inicio &#8211; Agua Bi\u00f3sfera Pi\u00f1as &#8211; Ecuador"},"content":{"rendered":"<div>\n<p>    <img decoding=\"async\" src=\"\/wp-content\/uploads\/2025\/06\/repartidor-camion.jpg\" alt=\"\"><\/p>\n<p><a href=\"\/index.php?page_id=5\">Ver Productos<\/a><\/p>\n<\/div>\n<div>\n<p>    <img decoding=\"async\" src=\"\/wp-content\/uploads\/2025\/06\/agua-biosfera.jpg\" alt=\"\"><\/p>\n<p><a href=\"\/index.php?page_id=5\">Ver Productos<\/a><\/p>\n<\/div>\n<h2>Tesoro L\u00edquido de la Provincia de El Oro<\/h2>\n<p>\n    <a href=\"\/index.php?page_id=6\">Conoce Nuestra Historia<\/a>\n<\/p>\n<h3>Nuestros Productos<\/h3>\n<p><img decoding=\"async\" src=\"\/wp-content\/uploads\/2026\/02\/biosfera-agua-embotellada.jpg\" alt=\"\"><br \/>\n<img decoding=\"async\" src=\"\/wp-content\/uploads\/2026\/02\/aguabiosfera-ecuador.jpg\" alt=\"\"><\/p>\n<p>\n    <a href=\"\/index.php?page_id=5\">M\u00e1s Informaci\u00f3n<\/a>\n<\/p>\n<p>\n    <a href=\"https:\/\/api.whatsapp.com\/send?phone=593968847242&#038;text=Hola,%20Necesito%20m%C3%A1s%20informaci%C3%B3n.\">096 884 7242<\/a>\n<\/p>\n<h3>Bi\u00f3sfera representa la biodiversidad involucrando a los animales, vegetaci\u00f3n y por supuesto los seres humanos.<\/h3>\n<p>\n    <a href=\"\/index.php?page_id=6\">M\u00e1s Informaci\u00f3n<\/a>\n<\/p>\n<h3>Blog y Noticias<\/h3>\n<div>\n<\/div>\n<p><!--more--><br \/>\n<!-- {\"name\":\"Home\",\"type\":\"layout\",\"children\":[{\"name\":\"Hero\",\"type\":\"section\",\"props\":{\"animation\":\"fade\",\"image_position\":\"center-center\",\"overlap\":false,\"padding\":\"none\",\"style\":\"default\",\"title_breakpoint\":\"xl\",\"title_position\":\"top-left\",\"title_rotation\":\"left\",\"vertical_align\":\"middle\",\"width\":\"\"},\"children\":[{\"name\":\"\",\"type\":\"row\",\"children\":[{\"name\":\"\",\"type\":\"column\",\"props\":{\"image_position\":\"center-center\",\"media_overlay_gradient\":\"\",\"position_sticky_breakpoint\":\"m\",\"width_medium\":\"1-1\"},\"children\":[{\"name\":\"\",\"type\":\"slideshow\",\"props\":{\"image_loading\":true,\"link_fullwidth\":false,\"link_style\":\"primary\",\"link_text\":\"Read more\",\"margin\":\"default\",\"margin_remove_bottom\":true,\"meta_align\":\"below-title\",\"meta_element\":\"div\",\"meta_style\":\"text-meta\",\"nav\":\"dotnav\",\"nav_align\":\"center\",\"nav_breakpoint\":\"\",\"nav_position\":\"bottom-center\",\"nav_position_margin\":\"medium\",\"overlay_animation\":\"parallax\",\"overlay_container\":\"default\",\"overlay_parallax_x\":\"600,0,-600\",\"overlay_position\":\"bottom-center\",\"overlay_width\":\"large\",\"show_content\":true,\"show_link\":true,\"show_meta\":true,\"show_thumbnail\":true,\"show_title\":true,\"slidenav\":\"default\",\"slidenav_breakpoint\":\"\",\"slidenav_large\":false,\"slidenav_margin\":\"medium\",\"slidenav_outside_breakpoint\":\"xl\",\"slideshow_animation\":\"pull\",\"slideshow_autoplay\":true,\"slideshow_autoplay_pause\":true,\"slideshow_height\":\"full\",\"slideshow_kenburns\":\"center-center\",\"slideshow_min_height\":\"400\",\"slideshow_velocity\":0.6,\"text_align\":\"center\",\"text_align_breakpoint\":\"s\",\"text_align_fallback\":\"center\",\"thumbnav_height\":\"75\",\"thumbnav_svg_color\":\"emphasis\",\"thumbnav_width\":\"100\",\"title_decoration\":\"divider\",\"title_element\":\"h2\",\"title_font_family\":\"primary\",\"title_style\":\"h1\",\"visibility\":\"s\"},\"children\":[{\"name\":\"\",\"type\":\"slideshow_item\",\"props\":{\"image\":\"wp-content\\\/uploads\\\/2025\\\/06\\\/repartidor-camion.jpg\",\"link\":\"index.php?page_id=5\",\"link_text\":\"Ver Productos\",\"thumbnail\":\"\",\"title\":\"\"}}]},{\"name\":\"Movil\",\"type\":\"slideshow\",\"props\":{\"image_loading\":true,\"link_fullwidth\":false,\"link_style\":\"primary\",\"link_text\":\"Read more\",\"margin\":\"default\",\"meta_align\":\"below-title\",\"meta_element\":\"div\",\"meta_style\":\"text-meta\",\"nav\":\"dotnav\",\"nav_align\":\"center\",\"nav_breakpoint\":\"\",\"nav_position\":\"bottom-center\",\"nav_position_margin\":\"medium\",\"overlay_animation\":\"parallax\",\"overlay_container\":\"default\",\"overlay_parallax_x\":\"600,0,-600\",\"overlay_position\":\"bottom-center\",\"overlay_width\":\"large\",\"show_content\":true,\"show_link\":true,\"show_meta\":true,\"show_thumbnail\":true,\"show_title\":true,\"slidenav\":\"default\",\"slidenav_breakpoint\":\"\",\"slidenav_large\":false,\"slidenav_margin\":\"medium\",\"slidenav_outside_breakpoint\":\"xl\",\"slideshow_animation\":\"pull\",\"slideshow_autoplay\":true,\"slideshow_autoplay_pause\":true,\"slideshow_height\":\"\",\"slideshow_kenburns\":\"center-center\",\"slideshow_min_height\":\"400\",\"slideshow_velocity\":0.6,\"text_align\":\"center\",\"text_align_breakpoint\":\"s\",\"text_align_fallback\":\"center\",\"thumbnav_height\":\"75\",\"thumbnav_svg_color\":\"emphasis\",\"thumbnav_width\":\"100\",\"title_decoration\":\"divider\",\"title_element\":\"h2\",\"title_font_family\":\"primary\",\"title_style\":\"h1\",\"visibility\":\"hidden-s\"},\"children\":[{\"name\":\"\",\"type\":\"slideshow_item\",\"props\":{\"image\":\"wp-content\\\/uploads\\\/2025\\\/06\\\/agua-biosfera.jpg\",\"link\":\"index.php?page_id=5\",\"link_text\":\"Ver Productos\",\"thumbnail\":\"\",\"title\":\"\"}}]}]}],\"props\":{\"margin\":\"remove-vertical\",\"margin_remove_bottom\":false,\"match\":false}}]},{\"name\":\"Tesoro\",\"type\":\"section\",\"props\":{\"animation\":\"slide-top-small\",\"header_overlay\":\"light\",\"height_viewport\":false,\"image\":\"wp-content\\\/uploads\\\/2024\\\/06\\\/agua-manantial-biosfera.jpg\",\"image_effect\":\"fixed\",\"image_position\":\"center-center\",\"image_size\":\"cover\",\"media\":\"\",\"media_background\":\"rgba(255, 255, 255, 0)\",\"media_overlay\":\"rgba(16, 16, 16, 0.53)\",\"overlap\":false,\"padding_remove_horizontal\":false,\"padding_remove_top\":false,\"style\":\"default\",\"title_breakpoint\":\"xl\",\"title_position\":\"top-left\",\"title_rotation\":\"left\",\"vertical_align\":\"middle\",\"width\":\"default\"},\"children\":[{\"name\":\"\",\"type\":\"row\",\"children\":[{\"name\":\"\",\"type\":\"column\",\"props\":{\"image_position\":\"center-center\",\"media_overlay_gradient\":\"\",\"position_sticky_breakpoint\":\"m\",\"width_medium\":\"1-1\"},\"children\":[{\"name\":\"\",\"type\":\"headline\",\"props\":{\"block_align\":\"center\",\"content\":\"Tesoro L\\u00edquido de la Provincia de El Oro\",\"maxwidth\":\"2xlarge\",\"text_align\":\"center\",\"text_align_fallback\":\"center\",\"title_color\":\"muted\",\"title_decoration\":\"divider\",\"title_element\":\"h2\"}},{\"name\":\"\",\"type\":\"button\",\"props\":{\"animation\":\"slide-bottom-small\",\"grid_column_gap\":\"small\",\"grid_row_gap\":\"small\",\"inline_align\":\"center\",\"margin\":\"medium\",\"text_align\":\"center\"},\"children\":[{\"name\":\"\",\"type\":\"button_item\",\"props\":{\"button_style\":\"primary\",\"content\":\"Conoce Nuestra Historia\",\"icon_align\":\"left\",\"link\":\"index.php?page_id=6\",\"link_title\":\"Learn more about us\"}}]}]}]}]},{\"name\":\"Featured work\",\"type\":\"section\",\"props\":{\"animation\":\"fade\",\"css\":\".el-section{background-color:#0058a6}\",\"header_overlay\":\"light\",\"height_viewport\":false,\"image_position\":\"center-center\",\"image_size\":\"cover\",\"media\":\"\",\"padding_remove_top\":false,\"style\":\"default\",\"title_breakpoint\":\"xl\",\"title_position\":\"top-left\",\"title_rotation\":\"left\",\"vertical_align\":\"middle\",\"width\":\"small\"},\"children\":[{\"name\":\"\",\"type\":\"row\",\"props\":{\"column_gap\":\"medium\",\"row_gap\":\"medium\",\"vertical_align\":true},\"children\":[{\"name\":\"\",\"type\":\"column\",\"props\":{\"image_position\":\"center-center\",\"media_overlay_gradient\":\"\",\"position_sticky_breakpoint\":\"m\",\"vertical_align\":\"middle\",\"width_medium\":\"1-1\"},\"children\":[{\"name\":\"\",\"type\":\"headline\",\"props\":{\"content\":\"Nuestros Productos\",\"text_align\":\"center\",\"title_color\":\"muted\",\"title_decoration\":\"line\",\"title_element\":\"h3\",\"title_style\":\"h5\"}}]}]},{\"name\":\"\",\"type\":\"row\",\"props\":{\"column_gap\":\"medium\",\"layout\":\"1-2,1-2\",\"margin\":\"medium\",\"match\":false,\"row_gap\":\"medium\",\"vertical_align\":false},\"children\":[{\"name\":\"\",\"type\":\"column\",\"props\":{\"image_position\":\"center-center\",\"media_overlay_gradient\":\"\",\"position_sticky_breakpoint\":\"m\",\"width_small\":\"1-2\"},\"children\":[{\"name\":\"\",\"type\":\"image\",\"props\":{\"image\":\"wp-content\\\/uploads\\\/2026\\\/02\\\/biosfera-agua-embotellada.jpg\",\"image_alt\":\"\",\"image_svg_color\":\"emphasis\",\"image_width\":\"610\",\"inline_align\":\"center\",\"link\":\"\",\"margin\":\"default\"}}]},{\"name\":\"\",\"type\":\"column\",\"props\":{\"image_position\":\"center-center\",\"media_overlay_gradient\":\"\",\"position_sticky_breakpoint\":\"m\",\"width_small\":\"1-2\"},\"children\":[{\"name\":\"\",\"type\":\"image\",\"props\":{\"image\":\"wp-content\\\/uploads\\\/2026\\\/02\\\/aguabiosfera-ecuador.jpg\",\"image_alt\":\"\",\"image_svg_color\":\"emphasis\",\"inline_align\":\"center\",\"link\":\"\",\"margin\":\"default\",\"margin_remove_top\":true}},{\"type\":\"button\",\"props\":{\"button_size\":\"large\",\"fullwidth\":false,\"grid_column_gap\":\"small\",\"grid_row_gap\":\"small\",\"margin\":\"\",\"margin_remove_bottom\":false,\"text_align\":\"center\"},\"children\":[{\"type\":\"button_item\",\"props\":{\"button_style\":\"default\",\"content\":\"M\\u00e1s Informaci\\u00f3n\",\"icon_align\":\"left\",\"link\":\"index.php?page_id=5\"}}]}]}]},{\"name\":\"\",\"type\":\"row\",\"children\":[{\"name\":\"\",\"type\":\"column\",\"props\":{\"image_position\":\"center-center\",\"media_overlay_gradient\":\"\",\"position_sticky_breakpoint\":\"m\",\"width_medium\":\"1-1\"},\"children\":[{\"name\":\"\",\"type\":\"button\",\"props\":{\"button_size\":\"large\",\"grid_column_gap\":\"small\",\"grid_row_gap\":\"small\",\"inline_align\":\"center\",\"margin\":\"default\",\"text_align\":\"center\"},\"children\":[{\"name\":\"\",\"type\":\"button_item\",\"props\":{\"button_style\":\"link-muted\",\"content\":\"096 884 7242\",\"icon\":\"whatsapp\",\"icon_align\":\"left\",\"link\":\"https:\\\/\\\/api.whatsapp.com\\\/send?phone=593968847242&text=Hola,%20Necesito%20m%C3%A1s%20informaci%C3%B3n.\",\"link_target\":\"blank\",\"link_title\":\"\"}}]}]}]}]},{\"name\":\"Teaser\",\"type\":\"section\",\"props\":{\"animation\":\"fade\",\"height_viewport\":false,\"image\":\"wp-content\\\/uploads\\\/2024\\\/06\\\/textura-biosfera-agua.jpg\",\"image_position\":\"center-center\",\"image_size\":\"cover\",\"media\":\"images\\\/home-quality.jpg\",\"media_background\":\"rgba(0, 0, 0, 0.5)\",\"media_blend_mode\":\"multiply\",\"padding\":\"large\",\"style\":\"secondary\",\"title_breakpoint\":\"xl\",\"title_position\":\"top-left\",\"title_rotation\":\"left\",\"vertical_align\":\"middle\",\"width\":\"default\"},\"children\":[{\"name\":\"\",\"type\":\"row\",\"children\":[{\"name\":\"\",\"type\":\"column\",\"props\":{\"image_position\":\"center-center\",\"media_overlay_gradient\":\"\",\"position_sticky_breakpoint\":\"m\",\"width_medium\":\"1-1\"},\"children\":[{\"name\":\"\",\"type\":\"headline\",\"props\":{\"block_align\":\"center\",\"content\":\"Bi\\u00f3sfera representa la biodiversidad involucrando a los animales, vegetaci\\u00f3n y por supuesto los seres humanos.\",\"margin\":\"medium\",\"maxwidth\":\"large\",\"text_align\":\"center\",\"title_element\":\"h3\",\"title_style\":\"h2\"}},{\"name\":\"\",\"type\":\"button\",\"props\":{\"grid_column_gap\":\"small\",\"grid_row_gap\":\"small\",\"inline_align\":\"center\",\"margin\":\"default\",\"text_align\":\"center\"},\"children\":[{\"name\":\"\",\"type\":\"button_item\",\"props\":{\"button_style\":\"text\",\"content\":\"M\\u00e1s Informaci\\u00f3n\",\"icon_align\":\"left\",\"link\":\"index.php?page_id=6\",\"link_title\":\"Learn more\"}}]}]}]}]},{\"name\":\"Blog\",\"type\":\"section\",\"props\":{\"animation\":\"fade\",\"image_position\":\"center-center\",\"image_size\":\"cover\",\"padding\":\"large\",\"style\":\"default\",\"title_breakpoint\":\"xl\",\"title_position\":\"top-left\",\"title_rotation\":\"left\",\"vertical_align\":\"middle\",\"width\":\"small\"},\"children\":[{\"name\":\"\",\"type\":\"row\",\"children\":[{\"name\":\"\",\"type\":\"column\",\"props\":{\"image_position\":\"center-center\",\"media_overlay_gradient\":\"\",\"position_sticky_breakpoint\":\"m\",\"width_medium\":\"1-1\"},\"children\":[{\"name\":\"\",\"type\":\"headline\",\"props\":{\"content\":\"Blog y Noticias\",\"margin\":\"medium\",\"text_align\":\"center\",\"title_decoration\":\"line\",\"title_element\":\"h3\",\"title_style\":\"h5\"}},{\"name\":\"\",\"type\":\"grid\",\"props\":{\"content_column_breakpoint\":\"m\",\"filter_align\":\"left\",\"filter_all\":true,\"filter_grid_breakpoint\":\"m\",\"filter_grid_width\":\"auto\",\"filter_position\":\"top\",\"filter_style\":\"tab\",\"grid_default\":\"1\",\"grid_medium\":\"\",\"grid_row_gap\":\"large\",\"grid_small\":\"3\",\"icon_ratio\":\"4\",\"icon_width\":80,\"image_align\":\"top\",\"image_grid_breakpoint\":\"m\",\"image_grid_width\":\"1-2\",\"image_link\":true,\"image_svg_color\":\"emphasis\",\"image_width\":\"610\",\"item_animation\":true,\"link_style\":\"default\",\"link_text\":\"\",\"margin\":\"default\",\"meta_align\":\"below-title\",\"meta_element\":\"div\",\"meta_style\":\"text-meta\",\"parallax_easing\":\"1\",\"show_content\":true,\"show_image\":true,\"show_link\":true,\"show_meta\":true,\"show_title\":true,\"text_align\":\"left\",\"text_align_breakpoint\":\"s\",\"text_align_fallback\":\"center\",\"title_align\":\"top\",\"title_element\":\"h3\",\"title_grid_breakpoint\":\"m\",\"title_grid_width\":\"1-2\",\"title_hover_style\":\"reset\",\"title_link\":true},\"children\":[{\"name\":\"\",\"type\":\"grid_item\",\"source\":{\"query\":{\"name\":\"posts.customPosts\",\"arguments\":{\"offset\":0,\"limit\":3,\"order\":\"date\",\"order_direction\":\"DESC\",\"terms\":[],\"category_operator\":\"IN\",\"post_tag_operator\":\"IN\",\"users\":[],\"users_operator\":\"IN\"}},\"props\":{\"title\":{\"filters\":{\"search\":\"\"},\"name\":\"title\"},\"link\":{\"filters\":{\"search\":\"\"},\"name\":\"link\"},\"image\":{\"filters\":{\"search\":\"\"},\"name\":\"field.teaser_image.url\"},\"image_alt\":{\"filters\":{\"search\":\"\"},\"name\":\"field.teaser_image.alt\"}}}}]}]}]}]}],\"version\":\"3.0.27\"} --><\/p>\n","protected":false},"excerpt":{"rendered":"<p>Ver Productos Ver Productos Tesoro L\u00edquido de la Provincia de El Oro Conoce Nuestra Historia Nuestros Productos M\u00e1s Informaci\u00f3n 096 884 7242 Bi\u00f3sfera representa la biodiversidad involucrando a los animales, vegetaci\u00f3n y por supuesto los seres humanos. M\u00e1s Informaci\u00f3n Blog y Noticias<\/p>\n","protected":false},"author":1,"featured_media":0,"parent":0,"menu_order":0,"comment_status":"open","ping_status":"open","template":"","meta":{"footnotes":""},"class_list":["post-1","page","type-page","status-publish","hentry"],"acf":[],"_links":{"self":[{"href":"https:\/\/aguabiosfera.com\/index.php?rest_route=\/wp\/v2\/pages\/1","targetHints":{"allow":["GET"]}}],"collection":[{"href":"https:\/\/aguabiosfera.com\/index.php?rest_route=\/wp\/v2\/pages"}],"about":[{"href":"https:\/\/aguabiosfera.com\/index.php?rest_route=\/wp\/v2\/types\/page"}],"author":[{"embeddable":true,"href":"https:\/\/aguabiosfera.com\/index.php?rest_route=\/wp\/v2\/users\/1"}],"replies":[{"embeddable":true,"href":"https:\/\/aguabiosfera.com\/index.php?rest_route=%2Fwp%2Fv2%2Fcomments&post=1"}],"version-history":[{"count":61,"href":"https:\/\/aguabiosfera.com\/index.php?rest_route=\/wp\/v2\/pages\/1\/revisions"}],"predecessor-version":[{"id":1359,"href":"https:\/\/aguabiosfera.com\/index.php?rest_route=\/wp\/v2\/pages\/1\/revisions\/1359"}],"wp:attachment":[{"href":"https:\/\/aguabiosfera.com\/index.php?rest_route=%2Fwp%2Fv2%2Fmedia&parent=1"}],"curies":[{"name":"wp","href":"https:\/\/api.w.org\/{rel}","templated":true}]}}